e 42755?
False
Is 85028 a multiple of 58?
True
Is 11 a factor of 22?
True
Is 856 a multiple of 17?
False
Is 7 a factor of 7774?
False
Is 73 a factor of 2419?
False
Is 24400 a multiple of 200?
True
Does 54 divide 503?
False
Is 19 a factor of 13186?
True
Is 49 a factor of 10780?
True
Does 8 divide 22508?
False
Does 12 divide 1908?
True
Is 9 a factor of 693?
True
Is 9 a factor of 8631?
True
Is 1863 a multiple of 23?
True
Does 75 divide 5550?
True
Is 24 a factor of 145695?
False
Does 10 divide 980?
True
Does 6 divide 138?
True
Is 21808 a multiple of 11?
False
Is 189 a factor of 17010?
True
Does 149 divide 23542?
True
Is 16 a factor of 249?
False
Does 5 divide 75?
True
Is 12 a factor of 72?
True
Is 594 a multiple of 33?
True
Is 4008 a multiple of 24?
True
Does 134 divide 8710?
True
Is 2178 a multiple of 18?
True
Is 3 a factor of 213?
True
Does 17 divide 136?
True
Is 352 a multiple of 32?
True
Is 90 a multiple of 5?
True
Is 4088 a multiple of 73?
True
Does 308 divide 103023?
False
Is 14830 a multiple of 16?
False
Does 3 divide 25012?
False
Is 21 a factor of 44541?
True
Is 603 a multiple of 20?
False
Does 7 divide 119?
True
Is 13 a factor of 1027?
True
Is 777 a multiple of 3?
True
Does 93 divide 279?
True
Is 9 a factor of 7339?
False
Is 2513 a multiple of 78?
False
Is 16958 a multiple of 139?
True
Is 13 a factor of 7306?
True
Does 127 divide 5576?
False
Is 14963 a multiple of 13?
True
Does 37 divide 629?
True
Is 79 even?
False
Is 20196 a multiple of 27?
True
Is 605 a multiple of 11?
True
Is 44 a factor of 4532?
True
Does 34 divide 3147?
False
Does 35 divide 1171?
False
Is 244 a factor of 32208?
True
Is 22 a factor of 2306?
False
Does 57 divide 14987?
False
Is 752 a multiple of 8?
True
Is 623 a multiple of 7?
True
Does 26 divide 16963?
False
Does 28 divide 1624?
True
Is 13 a factor of 728?
True
Is 4 a factor of 668?
True
Is 20 a factor of 121?
False
Is 12111 a multiple of 33?
True
Is 13846 a multiple of 2?
True
Does 122 divide 9516?
True
Does 103 divide 4292?
False
Does 30 divide 630?
True
Is 63 a factor of 14765?
False
Is 31 a factor of 5301?
True
Is 15749 a multiple of 14?
False
Does 3 divide 3489?
True
Is 27072 a multiple of 13?
False
Is 13643 a multiple of 232?
False
Is 18 a factor of 1404?
True
Is 9170 a multiple of 7?
True
Is 10626 a multiple of 42?
True
Does 19 divide 5396?
True
Is 5 a factor of 725?
True
Does 120 divide 15120?
True
Is 65 a factor of 1178?
False
Does 65 divide 11285?
False
Does 27 divide 60237?
True
Is 83 a factor of 2324?
True
Is 11 a factor of 29330?
False
Does 28 divide 11038?
False
Does 19 divide 358?
False
Is 912 a multiple of 19?
True
Is 12 a factor of 6668?
False
Is 16471 a multiple of 4?
False
Is 9 a factor of 1174?
False
Is 21911 a multiple of 149?
False
Does 188 divide 6474?
False
Is 193 a multiple of 10?
False
Is 6 a factor of 29226?
True
Is 31744 a multiple of 322?
False
Is 31 a factor of 10571?
True
Is 14408 a multiple of 127?
False
Is 69560 a multiple of 370?
True
Does 9 divide 1431?
True
Is 40 a factor of 42167?
False
Is 6 a factor of 1902?
True
Is 29 a factor of 23432?
True
Is 176 a factor of 10032?
True
Is 58 a factor of 3494?
False
Is 1170 a multiple of 5?
True
Does 51 divide 4743?
True
Is 4048 a multiple of 253?
True
Is 98278 a multiple of 41?
False
Is 11088 a multiple of 11?
True
Is 77 a factor of 6853?
True
Is 7 a factor of 9340?
False
Does 79 divide 3848?
False
Is 108 a factor of 20088?
True
Is 387 a multiple of 129?
True
Is 2190 a multiple of 31?
False
Does 22 divide 657?
False
Does 15 divide 1362?
False
Is 11730 a multiple of 15?
True
Is 1476 a multiple of 6?
True
Is 4824 a multiple of 67?
True
Does 66 divide 28538?
False
Is 1168 a multiple of 40?
False
Does 8 divide 8435?
False
Is 13 a factor of 1802?
False
Does 2 divide 153?
False
Is 480 a multiple of 16?
True
Does 14 divide 6779?
False
Does 115 divide 5635?
True
Is 7 a factor of 2471?
True
Is 459 a multiple of 27?
True
Is 20340 a multiple of 90?
True
Is 51 a factor of 555?
False
Does 5 divide 1000?
True
Does 7 divide 602?
True
Does 42 divide 19866?
True
Does 10 divide 128260?
True
Is 2807 a multiple of 41?
False
Is 59 even?
False
Is 189 a factor of 6804?
True
Does 3 divide 720?
True
Does 3 divide 12064?
False
Is 4 a factor of 1304?
True
Is 28819 a multiple of 37?
False
Is 12261 a multiple of 5?
False
Is 27 a factor of 432?
True
Is 1464 a multiple of 44?
False
Is 80 a multiple of 10?
True
Does 58 divide 464?
True
Is 4098 a multiple of 8?
False
Does 14 divide 6258?
True
Is 152 a factor of 9424?
True
Is 46491 a multiple of 137?
False
Does 68 divide 748?
True
Is 4096 a multiple of 16?
True
Is 8400 a multiple of 147?
False
Is 4863 a multiple of 37?
False
Is 61 a factor of 161?
False
Does 19 divide 6122?
False
Is 14 a factor of 3614?
False
Is 905 a multiple of 5?
True
Is 180 a factor of 9900?
True
Is 341 a multiple of 31?
True
Does 7 divide 812?
True
Is 11410 a multiple of 14?
True
Is 6115 a multiple of 58?
False
Is 35 a factor of 4976?
False
Is 20016 a multiple of 16?
True
Does 13 divide 7166?
False
Is 7 a factor of 77?
True
Is 91 a factor of 18307?
False
Is 23 a factor of 276?
True
Is 691 a multiple of 14?
False
Does 20 divide 1173?
False
Does 21 divide 2226?
True
Does 81 divide 100440?
True
Is 3472 a multiple of 16?
True
Does 201 divide 4221?
True
Is 27 a factor of 1672?
False
Is 50 a factor of 22856?
False
Is 441 a multiple of 20?
False
Is 1710 a multiple of 38?
True
Does 40 divide 93320?
True
Does 43 divide 5590?
True
Does 26 divide 5562?
False
Is 5168 a multiple of 45?
False
Does 18 divide 1646?
False
Is 28846 a multiple of 48?
False
Is 2681 a multiple of 7?
True
Is 9367 a multiple of 29?
True
Is 10659 a multiple of 19?
True
Does 33 divide 231?
True
Does 112 divide 25978?
False
Does 11 divide 440?
True
Does 105 divide 32099?
False
Is 528 a multiple of 66?
True
Is 134 a factor of 4318?
False
Does 60 divide 24204?
False
Is 10 a factor of 10220?
True
Does 3 divide 117?
True
Does 15 divide 240?
True
Is 13 a factor of 3198?
True
Is 11 a factor of 10443?
False
Is 15 a factor of 246?
False
Is 748 a multiple of 34?
True
Is 18090 a multiple of 57?
False
Does 13 divide 16913?
True
Is 38112 a multiple of 32?
True
Does 184 divide 36248?
True
Does 13 divide 988?
True
Does 12 divide 23359?
False
Is 46 a factor of 14260?
True
Is 291 a factor of 33552?
False
Is 2729 a multiple of 8?
False
Is 1416 a multiple of 10?
False
Does 44 divide 2825?
False
Does 65 divide 7540?
True
Does 28 divide 1876?
True
Does 2 divide 250?
True
Is 28 a factor of 1048?
False
Is 84 a multiple of 14?
True
Is 292 a multiple of 5?
False
Is 14 a factor of 1169?
False
Is 444 a multiple of 4?
True
Is 50875 a multiple of 16?
False
Is 8 a factor of 576?
True
Is 84 a factor of 27048?
True
Is 20169 a multiple of 243?
True
Is 90 a multiple of 5?
True
Is 14 a factor of 28?
True
Is 99 a multiple of 3?
True
Is 101 a multiple of 30?
False
Does 244 divide 24881?
False
Does 35 divide 17842?
False
Is 872 a multiple of 11?
False
Is 9 a factor of 1404?
True
Does 109 divide 2050?
False
Is 172 a multiple of 9?
False
Does 18 divide 54?
True
Does 29 divide 13253?
True
Is 4 a factor of 486?
False
Is 23 a factor of 11362?
True
Is 6 a factor of 2987?
False
Is 2388 even?
True
Is 4829 a multiple of 11?
True
Does 8 divide 831?
False
Is 21 a factor of 12810?
True
Is 10465 a multiple of 65?
True
Is 5762 a multiple of 24?
False
Does 64 divide 768?
True
Is 962 a multiple of 74?
True
Is 153 a factor of 17595?
True
Is 4864 a multiple of 128?
True
Is 13412 a multiple of 4?
True
Is 1747 a multiple of 137?
False
Does 38 divide 837?
False
Is 34 a factor of 7618?
False
Does 8 divide 7321?
False
Does 4 divide 345?
False
Is 19 a factor of 18050?
True
Does 27 divide 1215?
True
Is 8 a factor of 27263?
False
Does 15 divide 186?
False
Is 2998 a multiple of 10?
False
Is 6 a factor of 172?
False
Is 36 a factor of 7404?
False
Is 1006 a multiple of 119?
False
Is 146 a factor of 3796?
True
Is 5328 a multiple of 74?
True
Is 7 a factor of 5533?
False
Is 58065 a multiple of 19?
False
Is 7 a factor of 623?
True
Is 3 a factor of 276?
True
Is 19 a factor of 1684?
False
Does 18 divide 2808?
True
Does 21 divide 714?
True
Is 58520 a multiple of 28?
True
Does 42 divide 1764?
True
Does 58 divide 1798?
True
Is 7 a factor of 1102?
False
Does 37 divide